-12cc - -1?
-12cb
In base 7, what is 4645 - 1004?
3641
In base 11, what is 696701 - 1?
696700
In base 2, what is 10000100001100 + -1111?
10000011111101
In base 14, what is -5 - b84d?
-b854
In base 5, what is 3303431 - 33?
3303343
In base 3, what is 101 - -212012122011?
212012122112
In base 14, what is -8a + a1?
15
In base 9, what is -8 - 280586?
-280605
In base 14, what is -3 - -2cc?
2c9
In base 3, what is -210100020002 + -12?
-210100020021
In base 4, what is 22212 + 3301?
32113
In base 16, what is -12f99 + -3?
-12f9c
In base 7, what is 2 + -3000024?
-3000022
In base 4, what is -12102320 + -10?
-12102330
In base 11, what is -2 - -3a99?
3a97
In base 12, what is -1885 + -59?
-1922
In base 9, what is -3 - -1674?
1671
In base 8, what is 362255 - -14?
362271
In base 10, what is 2 + 179648?
179650
In base 7, what is -1 + 33321?
33320
In base 16, what is -1950b - 2?
-1950d
In base 12, what is -199 + 25?
-174
In base 14, what is -12 + 71aa7?
71a95
In base 15, what is -7b659a + 4?
-7b6596
In base 4, what is -322322 + -3?
-322331
In base 7, what is -416563 - -2?
-416561
In base 4, what is 130 + 30300213?
30301003
In base 4, what is -110021331 + 102?
-110021223
In base 9, what is 3 + 242573?
242576
In base 7, what is -5 - 36625?
-36633
In base 5, what is -312400 + 103?
-312242
In base 11, what is -24 + 13829?
13805
In base 15, what is 90a5 - -4a?
9100
In base 5, what is -2413 - -224112?
221144
In base 13, what is 47 + -27?
20
In base 4, what is 22333 - -323?
23322
In base 9, what is -134 - -4518?
4374
In base 16, what is -13c + 52b?
3ef
In base 16, what is -956 - 132?
-a88
In base 10, what is 2459959 + -2?
2459957
In base 16, what is 2 - 14408?
-14406
In base 4, what is -220 - 20233?
-21113
In base 6, what is 3 + 100402404?
100402411
In base 4, what is -3222 - 120031?
-123313
In base 13, what is 70 + -30b?
-26b
In base 14, what is -1300b - 1?
-1300c
In base 6, what is -1431 - -1312?
-115
In base 11, what is -87 - -a4?
18
In base 7, what is -12 - -315405?
315363
In base 13, what is -b6a - -147?
-a23
In base 2, what is -100101010000101 + -101?
-100101010001010
In base 16, what is -62f4 - 4?
-62f8
In base 6, what is 2 - 5114330?
-5114324
In base 2, what is 1001111 + 101111100110?
110000110101
In base 15, what is 865 + 9?
86e
In base 6, what is 2114 + 0?
2114
In base 10, what is 43334 + 3?
43337
In base 4, what is -2303 - 32?
-3001
In base 10, what is -9 + -351?
-360
In base 14, what is -270 + -9?
-279
In base 11, what is 2a7 + -178?
12a
In base 3, what is 101200 - 11120?
20010
In base 11, what is 6a - -4532?
45a1
In base 2, what is 11010000010010 + 110001?
11010001000011
In base 5, what is 331320 - 132?
331133
In base 6, what is 14300514 + 5?
14300523
In base 7, what is 1604 - -365?
2302
In base 6, what is 1443 - -254?
2141
In base 8, what is 11 - 4625?
-4614
In base 15, what is -4 + 11764?
11760
In base 3, what is -20211 - 1121212?
-1212200
In base 4, what is -1 - 11100101?
-11100102
In base 5, what is 240221 + 241?
241012
In base 6, what is -4 - 13350?
-13354
In base 2, what is -1011000110011000100 + -11?
-1011000110011000111
In base 4, what is 213103032 + 2?
213103100
In base 15, what is e112 + -3?
e10e
In base 2, what is -10111 - -11011111000?
11011100001
In base 13, what is -2c5c + -14b?
-30aa
In base 14, what is -48d - -122?
-36b
In base 6, what is -52005303 - 5?
-52005312
In base 5, what is -1302 - 10030?
-11332
In base 16, what is 6476c - 2?
6476a
In base 2, what is -10000100011110111 + -101?
-10000100011111100
In base 10, what is 1 + 73536?
73537
In base 12, what is 3077 - -2?
3079
In base 8, what is -3 - -27274?
27271
In base 14, what is 5 + 181d0?
181d5
In base 6, what is -1311520 - -2?
-1311514
In base 4, what is 13 - -1202321?
1203000
In base 7, what is -1446540 - -5?
-1446532
In base 7, what is 3143 - 204?
2636
In base 5, what is 124 - -30010?
30134
In base 11, what is 7 - -16644?
16650
In base 3, what is 20202 + -2001020?
-1210111
In base 4, what is -123200211 - -2?
-123200203
In base 3, what is -1000 - 1022120?
-1100120
In base 4, what is -23 + 210103232?
210103203
In base 8, what is 526 - -163?
711
In base 6, what is -2 - -1552345?
1552343
In base 4, what is -1003 - 2302?
-3311
In base 11, what is 39a747 + 4?
39a750
In base 11, what is 4 - -55515?
55519
In base 11, what is -20 + 1965?
1945
In base 5, what is -1423032 + -1?
-1423033
In base 3, what is 1110 + -1200211?
-1122101
In base 5, what is -300044 - -10?
-300034
In base 4, what is 102101 - -21?
102122
In base 10, what is -6899 + -63?
-6962
In base 2, what is -110001111010 - -10001000?
-101111110010
In base 3, what is 22020220 - 11022?
22002121
In base 7, what is -1 - -255035?
255034
In base 8, what is -5 - 500301?
-500306
In base 14, what is 18 - 57?
-3d
In base 11, what is -11752a + 1?
-117529
In base 3, what is 11020210220 - -121?
11020211111
In base 7, what is 0 + -206630?
-206630
In base 3, what is -1121112021200 - -2?
-1121112021121
In base 12, what is -53 + 8530?
8499
In base 10, what is 4 - 534470?
-534466
In base 7, what is -251 + 6454?
6203
In base 9, what is -460756 + 5?
-460751
In base 8, what is 5 + -12756?
-12751
In base 2, what is -111100101001010110001 - 1?
-111100101001010110010
In base 4, what is 33 + -2211312?
-2211213
In base 7, what is -2 + 50051?
50046
In base 5, what is 241222 - 3?
241214
In base 16, what is -24a1 + 1?
-24a0
In base 6, what is -5 - 112033?
-112042
In base 8, what is -247064 + -2?
-247066
In base 7, what is 112 - 166?
-54
In base 6, what is 2454343 - 3?
2454340
In base 3, what is 2021220 + 200211?
2222201
In base 5, what is -2 - 21002120?
-21002122
In base 14, what is -43 + -7?
-4a
In base 12, what is -9784 - -b?
-9775
In base 6, what is 12 + 35323?
35335
In base 10, what is -111 + 860?
749
In base 2, what is -10 + 1111111101000?
1111111100110
In base 16, what is 2bd + 4ba?
777
In base 5, what is -430402 + -114?
-431021
In base 4, what is 30012 - 132?
23220
In base 9, what is -3621 + 32?
-3578
In base 5, what is -1344 - 1031?
-2430
In base 2, what is -1110101000000 - -110000?
-1110100010000
In base 4, what is 121 - 21013?
-20232
In base 7, what is -1516144 + 3?
-1516141
In base 9, what is -100688 + -2?
-100701
In base 13, what is 6 - -19964?
1996a
In base 6, what is 411 - -122?
533
In base 2, what is -1010111011011001100 - 0?
-1010111011011001100
In base 10, what is -7 + -1616?
-1623
In base 3, what is -1120 - -12220111?
12211221
In base 11, what is 14 + 5a7a3?
5a807
In base 2, what is -100 - -110001011100000?
110001011011100
In base 4, what is -333313223 + -2?
-333313231
In base 11, what is -5a97 + -6?
-5aa2
In base 11, what is 2367022 + 3?
2367025
In base 6, what is 0 - 44323?
-44323
In base 4, what is 2303032 - -113?
2303211
In base 13, what is 17c7ac + -2?
17c7aa
In base 11, what is 3186 + 5?
3190
In base 6, what is -24 - -11514?
11450
In base 5, what is -332034 + -230?
-332314
In base 6, what is 2353500 - -14?
2353514
In base 2, what is -110110 - 1101110111?
-1110101101
In base 16, what is 566 - 2a?
53c
In base 12, what is 1 - 1872b7?
-1872b6
In base 16, what is -f - -3a3?
394
In base 8, what is 724 + -135?
567
In base 13, what is 0 + -28b3b?
-28b3b
In base 9, what is -4 + -45582?
-45586
In base 9, what is 48 + 216?
265
In base 16, what is 0 - 586bf?
-586bf
In base 8, what is 21 + -710005?
-707764
In base 12, what is 37 - -828?
863
In base 13, what is 32298 - -5?
322a0
In base 16, what is -a2 - 78?
-11a
In base 14, what is -3 + 12dd32?
12dd2d
In base 5, what is 1024 + 123103?
124132
In base 15, what is 1209 - 36?
11c3
In base 6, what is 21503 + 11?
21514
In base 16, what is 395 + -3e?
357
In base 9, what is -15675 - 0?
-15675
In base 9, what is -68 + 780?
711
In base 16, what is 7834 - -4?
7838
In base 7, what is 4 - 3501061?
-3501054
In base 9, what is -1220 + 103?
-1116
In base 14, what is -8a8 - 15?
-8bd
In base 3, what is 122212000 - 2021?
122202202
In base 10, what is -95 - 286?
-381
In base 13, what is 3106 + -4?
3102
In base 13, what is -24 + 807?
7b3
In base 2, what is 11011100 - 110001?
10101011
In base 11, what is 15050 + 0?
15050
In base 2, what is 11101 - 1000000110?
-111101001
In base 4, what is 131300113 - -10?
131300123
In base 6, what is 32454 + 103?
33001
In base 2, what is 1 + 10100000110001101?
10100000110001110
In base